 j?
3
Let o be (-12)/7 + 1/((-21)/6). Let s be 73/1 + -5 + (5 - o). Let t = s + -37. What is the tens digit of t?
3
Suppose 0 = -2*y - 5*w - 15, -3*w = -6*y + 2*y - 17. Let l be 25 - (20/y + 2). Suppose -2*n - 110 = -5*g, 3*g = -3*n + l + 18. What is the tens digit of g?
2
What is the tens digit of 171/6*(-19074)/(-99)?
9
Let j = 52 + -55. What is the thousands digit of (j/(-9))/(13/46098)?
1
Let m(k) = -k**3 + 15*k**2 - 13*k + 21. Let z(n) = -n**3 + 2*n + 1. Let g be z(-1). Suppose -2*x + 28 = -g. What is the tens digit of m(x)?
3
Suppose f - 130 = 50. Let d = -34 + f. Suppose 4*h - 42 = d. What is the units digit of h?
7
Suppose -2*y + 4*o = 3*y - 34, -5*y - 3*o = -62. Suppose y*f = 25*f - 5745. What is the hundreds digit of f?
3
Let g(t) = -2*t**2 - 2*t + 9. Let z be g(0). Suppose 5*i + 16 = z*i. Suppose -i*y + 98 + 342 = 0. What is the hundreds digit of y?
1
Let g be (6/(-15))/(-4 + 19/5). Let k be -2*g/((-4)/(-131)). Let p = 265 + k. What is the hundreds digit of p?
1
Let k(g) = 18*g - 36. Let q be -4*-1*(-5 - -8). What is the hundreds digit of k(q)?
1
Let f = -314 - -8535. What is the units digit of f?
1
Let d(c) = -c + 52. Suppose -3*n - 12 = 0, -3*n - 10 = -j + 2. Suppose j = 4*a + 2*z - 102, -5*a + 131 - 8 = -2*z. What is the tens digit of d(a)?
2
Let y = 12 + -13. Let o be (-243)/(y*(-15)/(-10)). What is the units digit of o/4*-5*(-6)/45?
7
Let x(j) = 13*j - 27. Let f(l) = -2*l + 2. Let h(d) = 5*f(d) + x(d). Let n be (0 + 4)/(2/7). What is the units digit of h(n)?
5
Let b = -39 - -39. Suppose -4*v + j = 16, 2*v + b*j - 10 = -4*j. What is the units digit of (54/(-9))/(v/32)?
4
Let i be (4 - (-90)/(-25)) + 22638/30. Let t = i - 664. What is the tens digit of t?
9
What is the ten thousands digit of -32 - -5 - (-60219)/1?
6
Let r(g) = -3373*g + 251. What is the thousands digit of r(-4)?
3
Suppose -3*v + v = 5*t + 98, 4*t = -2*v - 80. Let x = 20 + t. Suppose -2*i = -x*k + 294, -2*i + 589 = 4*k - 5*i. What is the tens digit of k?
4
Let k(q) = 10*q**3 - 12*q**2 + 12*q + 212. What is the units digit of k(10)?
2
Suppose 9*d = -5*m - 22837 + 111719, 53346 = 3*m + 3*d. What is the hundreds digit of m?
7
Suppose -5*b - 2 = -5*c + 23, 2*b + 16 = 4*c. Let n = -11 + c. What is the units digit of 0*1*(-4)/n + 1?
1
Let g = -1303 - -1296. Let c(h) be the third derivative of -13*h**4/24 + 31*h**3/6 - 2*h**2. What is the units digit of c(g)?
2
Let t(b) be the first derivative of 5*b**3/3 + b**2 + 17*b + 8. Let r(k) be the first derivative of t(k). What is the tens digit of r(6)?
6
Let n(t) = -t**3 - 13*t**2 - 11*t + 6. Let k be n(-12). Let c be -2 + 56/26 - k/(-39). Suppose -p - 2*g = -127, 0 = g - c*g - 4. What is the tens digit of p?
1
Let u(v) = v**3 - 26*v**2 + 27*v - 39. Let m be u(25). Suppose -20*x + 144 = -m*x. Let w(g) = g**3 - 16*g**2 - g + 33. What is the units digit of w(x)?
7
Let h = 8073 + 4803. What is the hundreds digit of h?
8
Let p(s) = 10*s - 12. Suppose -2*u = -0 - 6, 2*n + 3 = 3*u. Let c be p(n). Let g = 108 - c. What is the tens digit of g?
9
Let y(l) = -93*l**2 - 28*l + 79. Let h be y(5). Let v = -1404 - h. What is the hundreds digit of v?
9
Let h be 1 + 3 - (-27 - -41). Let v(b) = 28*b - 2 - 12*b + 2*b**2 + 18 + 5. What is the units digit of v(h)?
1
Let r = 125 - 123. Let w be 2 + -2 + 0 + -5. What is the units digit of ((-10)/w)/(r*1/164)?
4
Let h(w) be the first derivative of w**3 + 3*w**2/2 + 16*w - 25. What is the units digit of h(-15)?
6
Suppose 130*m + m = 7*m + 2717460. What is the thousands digit of m?
1
What is the units digit of (12/(-3) - (-42)/7) + (2 - -7807)?
1
Suppose -5*g = 2*o + 4, 5*o + 3 = 5*g - 7. What is the tens digit of -5 + (8 - o) - -391?
9
Let n(a) = 13*a**3 + 8*a**2 + 29*a + 37. What is the ten thousands digit of n(12)?
2
Let i(y) = -y**3 + 4*y**2 + 14*y - 25. Let k be i(4). Suppose 5*v + k = 566. What is the hundreds digit of v?
1
Let g = 5743 - 4869. What is the units digit of g?
4
Suppose 181*t + i - 11466 = 179*t, 11454 = 2*t + 4*i. What is the tens digit of t?
3
Let r(y) = 30*y**2 - 41*y + 222. What is the tens digit of r(5)?
6
Let x(c) = 3*c**2 + 3*c - 1. Let l be x(-6). Let u(q) = -18*q**3 - 2*q**2 - 4*q - 2. Let v be u(-2). Let s = v - l. What is the units digit of s?
3
Let i(d) = 21*d**2 + 15*d. Let a be i(5). Suppose 5*j - 493 = 4*k, 0*k + 5*k + a = 3*j. Let x = -22 - k. What is the units digit of x?
5
Let a = 2189 + -1496. Let t(i) = i - 1. Let p be t(17). Suppose -p*r + 7*r = -a. What is the tens digit of r?
7
Suppose 8*h - 14*h + 30 = 0. Suppose -2*m = -5*p + 31, 7*p - h*p = 2*m + 16. Suppose -y + p*y = 608. What is the units digit of y?
2
Let v = 76398 - 49992. What is the units digit of v?
6
Suppose -4*b = 2*x - 98262, 0 = 2*b - x + 7105 - 56250. What is the thousands digit of b?
4
Let i(z) = 132*z + 1294. What is the units digit of i(38)?
0
Let n(c) = c**2 + 5*c + 9. Let d be n(-4). Suppose 3*j + 133 = d*q - 769, q = j + 182. Suppose 3*p - 667 = -q. What is the tens digit of p?
6
Suppose 3*r = -4*z + 4, -z - 20 + 8 = 4*r. Suppose 2*s - z*u - 820 = 0, -931 = -2*s - 2*u - 129. What is the tens digit of s?
0
Suppose 24*p + 92805 = 547389. What is the units digit of p?
1
Suppose -16*n = -12*n - 364. Suppose n = g - 83. What is the units digit of g?
4
Let h = -96 + 96. Suppose h = -13*j + 1284 + 1420. Let z = -96 + j. What is the tens digit of z?
1
Suppose 217 = -2*t + 221. Suppose -695 = -t*d + 3*q, -3*q + 5*q = 2*d - 692. What is the hundreds digit of d?
3
Let f = -32702 - -52688. What is the tens digit of f?
8
Suppose d - 21 = -2*k, 3*k - 44 = -0*d + d. Suppose k*g - 1782 = 4*g. What is the hundreds digit of g?
1
Suppose -5*t = 2*h - 4, -3*t = -12*h + 7*h + 10. Suppose t = 2*u + 32*x - 28*x - 2570, 3*u - 3847 = -2*x. What is the units digit of u?
1
Let c = -524 - -780. Let m = c - 155. Suppose 0 = l - 3*i + 4 - m, 0 = l - 5*i - 89. What is the tens digit of l?
0
Let w(g) = -2*g**2 + 11*g + 7. Let y be w(-7). Let n = 194 + y. What is the units digit of n?
6
Let h = -304 - -308. Suppose -4*i + h*s = -3*i - 86, -5*s - 223 = -3*i. What is the units digit of i?
6
Suppose 3*l = -9*x + 8*x + 7246, 3*x - l - 21728 = 0. What is the units digit of x?
3
Suppose 2*j + 37*b - 34*b - 12362 = 0, b = 4. What is the hundreds digit of j?
1
Let m = -833 + 833. Suppose -4*h - s + 2767 = m, -5*h - 18*s = -21*s - 3446. What is the units digit of h?
1
Let c = 150 - -108. Let j = c + -23. What is the hundreds digit of j?
2
Suppose 10*d + 870 = 480240. What is the tens digit of d?
3
What is the units digit of (-27)/(-3)*9004176/1944?
6
Let w = -16903 - 23263. What is the hundreds digit of w/(-57)*3/2?
0
Suppose g = -5, -4*i + 4*g = -16 - 16. Suppose i*x + 5*d = -0*d + 857, 0 = 5*x + 2*d - 1403. What is the hundreds digit of x?
2
Let b = 366 - 212. Let f = b - -12. What is the hundreds digit of f?
1
Suppose 0 = 3*u + 2*m - 430, -5*u - 5*m + 310 + 400 = 0. Suppose -304 = -5*r + u. Let l = 174 - r. What is the tens digit of l?
8
Suppose q = 5*q - 3008. Let x = -48 + q. What is the tens digit of x?
0
Let c = 46 + -27. Suppose -2*v - 13 = -c. Suppose v*p - 12 - 12 = -3*h, -h + 4*p = -8. What is the units digit of h?
8
Let f be -3 + (-3)/(-3)*-10. Let y(m) = -m**2 - 15*m - 34. Let x be y(f). What is the hundreds digit of -1 + 110 + 7/((-14)/x)?
1
Let b(h) = 123*h**2 - 4*h - 6. Let j be b(-2). Let o = j - -26. What is the hundreds digit of o?
5
Let s(h) = 18*h**2 + h + 6. Let d(i) = i**3 + 4*i**2 + 2*i + 6. Let w be ((-8)/(-6))/(11/(-33)). Let o be d(w). What is the tens digit of s(o)?
7
Let h = 72165 + -37275. Suppose -26*b - 6238 = -h. What is the tens digit of b?
0
Suppose -215*i + 3*j = -211*i - 67870, 3*i + j = 50883. What is the tens digit of i?
6
Suppose 3*g - n = 9439, 18*g - 15*g - 2*n = 9443. What is the tens digit of g?
4
Let j be 4/1 + (35 - -134) + -2. Let f = 1581 - j. What is the tens digit of f?
1
Suppose 5*f = -2*x + 17539, -3*x + 3*f + 4945 = -21290. What is the tens digit of x?
5
Suppose 0 = 8*o - 10*o - 20. Let r be ((-4)/o)/(4/(15*4)). Suppose -26 = r*j - 7*j. What is the units digit of j?
6
Let m = -106 - -134. Let p(q) = -q**2 + 38*q - 27. What is the tens digit of p(m)?
5
What is the thousands digit of (-396196)/(-18) - 3400/(-3060)?
2
Let l(q) = -2*q**2 + 30*q + 18. Let r be 4 + (-72)/20 + (